{"id":430,"date":"2024-04-19T14:58:51","date_gmt":"2024-04-19T14:58:51","guid":{"rendered":"https:\/\/gbe.md\/?post_type=product&#038;p=430"},"modified":"2026-02-24T13:52:04","modified_gmt":"2026-02-24T13:52:04","slug":"slayer-steam-lp-2-group","status":"publish","type":"product","link":"https:\/\/gbe.md\/?product=slayer-steam-lp-2-group","title":{"rendered":"Slayer Steam LP 2-group"},"content":{"rendered":"<p>Pre- \u0219i post-infuzie programabil\u0103 cu dou\u0103 set\u0103ri per grup,<br \/>\nvolumetric\u0103 avansat\u0103, extrac\u021bie clasic\u0103 cu pomp\u0103 \u0219i multe altele<br \/>\nalte.<br \/>\nBarista Dashboard\u2122 per grup cu intuitiv<br \/>\nconversia timpului \u00een greutate.<br \/>\nInterfa\u021b\u0103 de utilizator excep\u021bional de intuitiv\u0103 pentru opera\u021bional<br \/>\nprogramarea re\u021betelor, asigur\u00e2ndu-se c\u0103 toate b\u0103uturile sunt preg\u0103tite<br \/>\neficient si de cea mai inalta calitate.<\/p>\n<p>&nbsp;<\/p>\n<p>Descriere<\/p>\n<p>Volumul \u00een func\u021bie de greutate<br \/>\nPrograma\u021bi volumul de ie\u0219ire \u00een grame pentru a ob\u021bine cu u\u0219urin\u021b\u0103 volumul dorit.<\/p>\n<p>Presiune sc\u0103zut\u0103 pre \u0219i post-infuzie<br \/>\nAi citit bine! Pre-infuzie bazat\u0103 pe timp, extrac\u021bie clasic\u0103 cu pomp\u0103 \u0219i post-infuzie pe baz\u0103 de greutate; cu control automat al volumului.<\/p>\n<p>Picioare-Aripi<br \/>\nAscunde alimentarea cu furtunuri \u0219i fire.<\/p>\n<p>Tav\u0103 de scurgere reglabil\u0103 pe \u00een\u0103l\u021bime<br \/>\nPatru pozi\u021bii diferite, suprafa\u021b\u0103 mare de lucru.<\/p>\n<p>Interfa\u021b\u0103 prietenoas\u0103<br \/>\nInterfa\u021b\u0103 incredibil de u\u0219or de utilizat, spre deosebire de orice a\u021bi folosit vreodat\u0103.<\/p>\n<p>&nbsp;<\/p>\n<p>Electrovalv\u0103 electronic\u0103 pentru abur<br \/>\nO supap\u0103 rapid\u0103 \u0219i eficient\u0103 conceput\u0103 pentru a accelera procesul de abur.<\/p>\n<p>Tabloul de bord Barista<br \/>\nPanoul de control digital are functie de spalare in contra, temporizatoare si acces la toti parametrii.<\/p>\n<p>Actuatoare fabricate din Paperstone reciclat<br \/>\nMaterialul durabil \u0219i elegant din piatr\u0103 de h\u00e2rtie este folosit pentru dispozitivele de ac\u021bionare a infurii \u0219i aburului pentru a crea o senza\u021bie cald\u0103 \u0219i natural\u0103.<\/p>\n<p>&nbsp;<\/p>\n<p>Principalele caracteristici<\/p>\n<p>Preinfuzie controlat\u0103 independent\u0103, programabil\u0103 de la 0 la 10 secunde<br \/>\nPostinfuzie programabil\u0103 \u00een func\u021bie de greutate<br \/>\nFunc\u021bionare cu volum dublu cu dou\u0103 por\u021biuni programabile per grup<br \/>\nCur\u0103\u021bare automat\u0103 de la 1 la 5 secunde activat\u0103 automat sau la cerere<br \/>\nTraductor de presiune pentru reglarea presiunii pre \u0219i post-perfuzie (normal\u0103 sau mai mic\u0103)<br \/>\nButon de comand\u0103 rapid\u0103 pentru a activa modul complet manual sau volumetric<br \/>\nUn algoritm \u00eembun\u0103t\u0103\u021bit v\u0103 permite s\u0103 regla\u021bi volumul \u00een func\u021bie de greutate<br \/>\nCazane independente cu control PID<\/p>\n<p>Electrovalv\u0103 electronic\u0103 pentru abur<br \/>\nTabloul de bord barista pe fiecare grup<br \/>\nSuprafata mare de lucru<br \/>\nPicioarele aripilor ascund alimentarea cu furtunuri \u0219i fire<br \/>\nIluminare automat\u0103 de fundal<br \/>\nTav\u0103 de scurgere reglabil\u0103<br \/>\nCarcasa din otel inoxidabil lustruit<br \/>\nAripi \u0219i \u0219ine de culoare neagr\u0103<\/p>\n<p>Specifica\u021bii (2 grupuri)<\/p>\n<p>Latime: 34 inchi \/ 86,5 cm<br \/>\nLungime: 27,75 inchi \/ 70,5 cm<br \/>\n\u00cen\u0103l\u021bime: 16,75 inchi \/ 42,5 cm<\/p>\n<p>Greutate: 220 lbs \/ 100 kg<br \/>\nCazan pentru b\u0103uturi: 1,7 l, 600 wa\u021bi<br \/>\nCazan de abur: 7,4 l, 3.500 watt<br \/>\nPutere monofazat\u0103: 200-260 vol\u021bi AC, 50\/60 hertzi, 26 amperi<br \/>\nPutere trifazat\u0103 (op\u021bional): 380-400 vol\u021bi, 50\/60 her\u021bi, 17 amperi<br \/>\nConsum de energie: 4.700 wa\u021bi<\/p>\n","protected":false},"excerpt":{"rendered":"<h1>557 000 LEi<\/h1>\n","protected":false},"featured_media":431,"comment_status":"open","ping_status":"closed","template":"","meta":{"neve_meta_sidebar":"","neve_meta_container":"","neve_meta_enable_content_width":"off","neve_meta_content_width":100,"neve_meta_title_alignment":"","neve_meta_author_avatar":"","neve_post_elements_order":"","neve_meta_disable_header":"","neve_meta_disable_footer":"","neve_meta_disable_title":""},"pwb-brand":[48],"product_cat":[33,22,21],"product_tag":[],"class_list":{"0":"post-430","1":"product","2":"type-product","3":"status-publish","4":"has-post-thumbnail","6":"pwb-brand-slayer","7":"product_cat-33","8":"product_cat-22","9":"product_cat-21","11":"first","12":"instock","13":"shipping-taxable","14":"product-type-simple"},"brands":[{"id":48,"name":"Slayer","slug":"slayer"}],"_links":{"self":[{"href":"https:\/\/gbe.md\/index.php?rest_route=\/wp\/v2\/product\/430","targetHints":{"allow":["GET"]}}],"collection":[{"href":"https:\/\/gbe.md\/index.php?rest_route=\/wp\/v2\/product"}],"about":[{"href":"https:\/\/gbe.md\/index.php?rest_route=\/wp\/v2\/types\/product"}],"replies":[{"embeddable":true,"href":"https:\/\/gbe.md\/index.php?rest_route=%2Fwp%2Fv2%2Fcomments&post=430"}],"wp:featuredmedia":[{"embeddable":true,"href":"https:\/\/gbe.md\/index.php?rest_route=\/wp\/v2\/media\/431"}],"wp:attachment":[{"href":"https:\/\/gbe.md\/index.php?rest_route=%2Fwp%2Fv2%2Fmedia&parent=430"}],"wp:term":[{"taxonomy":"pwb-brand","embeddable":true,"href":"https:\/\/gbe.md\/index.php?rest_route=%2Fwp%2Fv2%2Fpwb-brand&post=430"},{"taxonomy":"product_cat","embeddable":true,"href":"https:\/\/gbe.md\/index.php?rest_route=%2Fwp%2Fv2%2Fproduct_cat&post=430"},{"taxonomy":"product_tag","embeddable":true,"href":"https:\/\/gbe.md\/index.php?rest_route=%2Fwp%2Fv2%2Fproduct_tag&post=430"}],"curies":[{"name":"wp","href":"https:\/\/api.w.org\/{rel}","templated":true}]}}